u = 35 - 27. What is b(u)?
5
Let c(w) = -88*w. Let b(q) = q. Let p(z) = -110*b(z) - c(z). Let x = 94 - 89. Suppose 0 = 70*y - 75*y + x. Calculate p(y).
-22
Suppose -3 = 4*b - 7. Let l(p) = 12 - b - p - 4. Determine l(4).
3
Let u(t) be the second derivative of t + 0 - 7/24*t**4 - 1/12*t**5 + 1/120*t**6 + 4/3*t**3 + 9/2*t**2. Let l(o) be the first derivative of u(o). What is l(6)?
2
Let m(n) be the first derivative of 3*n**2 + 13*n - 2263. What is m(16)?
109
Let b(o) be the first derivative of o**3/3 + 7*o**2/2 - 3*o + 58135. Let j(g) = g**3 - 5*g**2 + 4*g - 1. Let w be j(4). Let z = -5 + w. Give b(z).
-9
Let d = 506 + -362. Suppose 3*w = -33*w - d. Let l(t) = -4*t - 6. Calculate l(w).
10
Let c(r) = -9*r**2 + 729*r - 1478*r + 745*r. Give c(-1).
-5
Let a = 4775 + -4769. Let g(j) = 2*j + 21. Give g(a).
33
Let v(g) = -g + 2. Let t be (2 - (4 - 2))*(-5)/(-10). Let l(z) = -4*z**2 + 2. Let q be l(t). Determine v(q).
0
Let d be -7 - (-2 - (6 - -2)). Let s(z) be the second derivative of 3*z + 1/4*z**4 + 3/2*z**2 + 0 + 1/3*z**d - 1/20*z**5. Determine s(4).
-5
Let g(v) = -v**3 + 9*v**2 - 6*v + 11. Suppose 5*s + 5*s = -3*s + 104. Determine g(s).
27
Suppose 0 = -y - 3 - 2. Let k(i) = -5*i**2 + 6*i + 5. Let x(q) = -7*q**2 + 6*q + 9. Let u(r) = -4*k(r) + 3*x(r). Calculate u(y).
12
Let z(w) = w**3 + 0*w - w + w**2 - 4*w**2. Let v = 1791 - 1244. Suppose -v*m + 533*m = -42. What is z(m)?
-3
Let h(p) = -117 - 2*p + 352 + 4*p - 125 - 104. Let d(r) = r**3 - 7*r**2 - r + 4. Let c = 6 - -1. Let a be d(c). Give h(a).
0
Let y(c) = -176 - 6*c + 539 - 177 - 169. What is y(-1)?
23
Let r = 6119 - 6124. Let m(a) = a**3 + 3*a**2 - 9*a + 2. Determine m(r).
-3
Let s be ((-24)/42)/2 - 23/(-7). Let i(v) = -2 + v**3 + 7 - 317*v - s*v**2 + 315*v. Calculate i(4).
13
Let z(k) be the first derivative of 1/3*k**3 + 107 + 7*k + 6*k**2. Calculate z(-11).
-4
Let a(f) = -15813 - 15810 - 15810 + 3*f + 47426. Suppose -4*u + 5*h + 39 = 0, -24 = -2*u + 8*h - 4*h. Suppose -4*z + 3*v + 29 = 0, 3 = v + u. What is a(z)?
8
Let o(v) = -85*v - 278 + 20*v + 50*v + 21*v - v**2 + 140 + 145. Let m(z) = z**3 + 4*z**2 - 6*z + 2. Let x be (-3 + -1 + -1)/1. Let k be m(x). Determine o(k).
0
Let y = -2291 + 2261. Let c(s) = -s**3 - 29*s**2 + 29*s - 45. Give c(y).
-15
Suppose -4*l = -5*g - 55, -5*l + 7*g = 9*g - 44. Let b(j) be the second derivative of -j**5/20 + 3*j**4/4 + 4*j**3/3 - 5*j**2 - 9*j + 7. Calculate b(l).
-30
Let n(a) = -2*a. Let o(t) be the first derivative of -9*t**2/2 + 9*t + 132. Let u(x) = -4*n(x) + o(x). What is u(6)?
3
Let d(c) = -c**3 - 3*c**2 - 6*c - 5. Suppose -3*k + j - 98 = -93, 4*k + 7 = j. Determine d(k).
3
Let f(u) = u**2 - 7. Let c(j) = j**3 - 3*j**2 + 4*j. Let w be c(2). Let z be f(w). Let s be (-8 + z)/((-7)/3 + 2). Let n(h) = -h**2 - 3*h. What is n(s)?
0
Let c be (1/(-6))/(2/(-36)). Let r(b) = b**2 - 11. Let x be r(c). Let l(d) = d - 4. Let g(j) = j - 3. Let k(a) = -5*g(a) + 4*l(a). Determine k(x).
1
Suppose 5*z - 49 = -4*b, 0*b + 8 = -2*b + 4*z. Let p be 45/b*30/(-45). Let l(x) be the second derivative of -x**3/3 - x**2/2 + x. Determine l(p).
9
Let t(m) = -26*m - 49. Let i(d) = 165*d + 296. Let v(n) = 3*i(n) + 19*t(n). Calculate v(14).
-29
Let j(z) be the second derivative of -z**4/12 + 7*z**3/6 + 7*z**2/2 + 10*z. Let b be j(8). Let p be (4/12)/(b/12). Let f(l) = 2*l + 2. What is f(p)?
-6
Let v = -2625 - -2630. Let y(i) = -i**2 + i. Let p(z) = -5*z**2 + 3*z - 10. Let f(x) = -p(x) + 6*y(x). Determine f(v).
0
Let d = -221 + 230. Let i(r) = 530 - 2*r - d*r**2 + 8*r**2 - 532. Calculate i(0).
-2
Let c(u) = 64*u**2 + 331*u + 14. Let q be c(-5). Let b(y) = y**3 + 40*y**2 - 44*y - 111. What is b(q)?
12
Let d be 6/(-10) - 2844/(-790). Let s(k) = -2*k**2 + 2*k - 7. Give s(d).
-19
Let g(q) = 28*q**2 - 15. Let j(z) = -z**3 - 6*z**2 + 19*z + 11. Let u be j(-8). Let d(h) = 14*h**2 - 7. Let f(r) = u*d(r) + 6*g(r). Determine f(-1).
-13
Let d = 1046 + -811. Suppose -233*m = -d*m. Let v(b) = b**3 + 2*b - 4. Determine v(m).
-4
Let f(t) = -t**3 - 6*t**2 + 5*t - 10. Let k = 25266 + -25273. What is f(k)?
4
Let x(f) = -f**2 + 19*f - 32. Let b be x(17). Let n(v) = 49 + 3*v**b + v**3 - 147 + 46 - 3*v + 49. Determine n(-4).
-7
Let n(k) = -4*k. Suppose -s - 5*f = -3*s - 10, 2 = -4*s + f. Let t(p) = -16 - p + 34 - 20. Let d be t(s). Give n(d).
8
Let s be 3/(-9)*((-3 - -4)*-21)/1. Let g(a) = -14*a - 3. Give g(s).
-101
Let s(d) = -d**2 - 26*d + 20. Let z = 5356 - 5383. Determine s(z).
-7
Let n(y) = -3*y**2 + 5*y - 5. Let o(p) = 7*p**2 - 9*p + 9. Let s(r) = 5*n(r) + 2*o(r). Suppose 0 = 5*d - 6*d + 14. Suppose 0 = -4*b + d + 10. What is s(b)?
-1
Let b = -687 + 693. Let d(y) = -18*y + 66. Let a(r) = -6*r + 23. Let l(h) = b*d(h) - 17*a(h). Determine l(4).
-19
Let r be 1/((-14)/4)*7. Let d(x) = -11*x**2 - 4*x - 7. Let q(z) = 0*z - 4*z + 14*z**2 - 2*z - 30*z**2 - 10. Let b(n) = -7*d(n) + 5*q(n). What is b(r)?
-9
Let o(f) = f**3 - 4*f**2 - 2*f - 12. Suppose 15 = 5*m + 6*y - 4*y, y + 25 = 4*m. Let r be o(m). Let v(b) = -r - 2*b + 6*b + b**2 + 1. Give v(-4).
-2
Let x(s) = s**2 + s - 2. Let y be ((-35)/(-3))/((7/(-1))/21). Let u = y - -35. Give x(u).
-2
Let j(x) = -17 - 5*x + 1 + 7*x. Suppose 146 = -41*w + 679. Give j(w).
10
Let h(t) = -t**3 + 6*t - 2*t - 3 - 3*t + 3*t**2. Let k(u) = u**3 - 12*u**2 - 255*u + 48. Let m be k(23). What is h(m)?
3
Let z(g) = 2*g**3 + 3*g**2 - 2. Suppose -78 = -216*k + 106 + 32. Calculate z(k).
3
Let t(k) = 2 + 1 + 0. Let v(x) = x - 1. Let r(l) = -t(l) - 3*v(l). Let p(i) = -i + 13. Let o be p(11). Calculate r(o).
-6
Let s(d) = -d**2 - 8*d + 112 - 30*d + 72*d + 8*d - 334. Calculate s(6).
-6
Let w(m) = 97887*m**2 - 11 - 97886*m**2 - 124 - 99 - 24*m. What is w(32)?
22
Let i = 94 - 92. Let h(o) = -32*o**3 + 33*o**3 - 2*o + 0*o + 23*o**2 - 20*o**i. What is h(-4)?
-8
Let x(p) = -15*p + 1. Let n(y) = 39*y - 69. Let u(h) = n(h) + 3*x(h). What is u(-10)?
-6
Let q(z) = -13*z**2 - 123*z - 57. Let f(r) = -7*r**2 - 66*r - 29. Let m(n) = 9*f(n) - 5*q(n). Determine m(-9).
-3
Let p(h) = -3*h - 22. Suppose 51*i = 21*i + 21270. Let b = i + -720. Determine p(b).
11
Let f(z) = 813 - z**2 + 6*z + 771 - 1588. What is f(4)?
4
Let o(d) = d**2 - 17*d - 59. Let x be o(-3). Let h(f) be the third derivative of 3*f**4/8 + 14*f**2. Calculate h(x).
9
Suppose -15*l = l + 94 - 174. Let m(u) = u**3 - 8*u**2 + 9*u - 12. Calculate m(l).
-42
Let q(w) be the second derivative of w**5/20 - 11*w**4/12 + 2*w**3 + 9*w**2 + 9998*w. Calculate q(9).
-36
Suppose b = -2*a - 20 + 5, b - 10 = 3*a. Let x(s) = -10*s + 19*s - 2 - 7*s + 7 - 3. Calculate x(a).
-8
Let a(b) be the third derivative of -b**6/120 + b**5/15 + 5*b**4/24 + 5*b**3/6 - b**2. Let n be ((-10)/(-14) - 0/(-8))*7. Give a(n).
5
Suppose -3*v + 5*d + 82 = 0, 4*v - 35 = -3*d + 55. Let s(k) = -3*k - 27 + v - 5. Give s(-7).
13
Let f(d) = -d**3 + 3*d**2 + 15*d + 5. Let v be f(5). Let n(m) = 1 + v*m**3 + 18*m**3 + 17*m**3 - 88*m**3 - 4*m + 3*m. Determine n(1).
-23
Let y = -31 + 35. Suppose y*n + 676 = 3*m - 4249, 0 = 2*n + 10. Let k(f) = -5 - 1636*f + 4*f**2 + m*f - 3*f**2. Calculate k(4).
7
Suppose 148*x = 74*x + 68*x. Let m(h) be the second derivative of -1/3*h**4 - 5/6*h**3 - 5/2*h**2 + 16*h + x - 1/20*h**5. Calculate m(-4).
15
Let n(j) = 3504772*j**2 - 8*j + 3*j - 5 - 3504774*j**2. Suppose -8 = 2*m - 0. What is n(m)?
-17
Let c(q) = 2*q**2. Let l be c(1). Let g be (-14)/49 - 10/(-35). Let v(r) = -4*r - 5*r + 93 + g*r - 178 + 88. Determine v(l).
-15
Let m(v) = -2*v - 2. Let x be 6 + 3/(-6)*-106. Suppose 13*o - 6 - x = 0. Determine m(o).
-12
Suppose -100 = 31*u - 56*u. Suppose 3*p + 10 = u. Let k(x) = 2*x**2 + 4*x + 6. Determine k(p).
6
Let v(g) = 305*g**2 - 9*g - 15. Let h be v(7). Let f(l) = 4*l**2 - 17 + 14859*l + 2*l**2 - h*l + l**3. Give f(-7).
-10
Let h(a) = a + 4. Let n be h(9). Let c(q) = -29*q + 15*q + 2 + n*q. What is c(-7)?
9
Let m be 2/8 - -21*1/12. Let a(i) = -7*i - i**2 - m*i - 4187 + 4177. Give a(-7).
4
Suppose -18 = -5*z + 4*p, 2*z = 6*p - 2*p + 12. Let r(y) = -y + 9*y**3 + z*y - y**3. Let f be 400/(-120)*54/45 - 5/(-1). Give r(f).
9
Suppose -5*z = -3*m + 4, 2*m + 13*z - 87 = -166. Let d(a) be the first derivative of -3*a**2/2 - 10*a + 1. Determine d(m).
11
Let u(p) = -p**3 + 6*p**2 - 16*p + 91. Let h = -11025 + 11031. Determine u(h).
-5
Let d(s) = -s**3 - 22